8
Let a(p) = 173*p + 6517. Calculate a(-38).
-57
Let q(g) = -135*g + 575. What is q(4)?
35
Let a(u) = -2*u**3 + u**2 + 28*u - 40. Determine a(4).
-40
Let z(m) = m**2 - 71*m - 4738. What is z(113)?
8
Let r(c) = -2*c**3 - 9*c**2 + 13*c - 21. Calculate r(-6).
9
Let a(f) = f**2 + 49*f + 563. What is a(-22)?
-31
Let b(x) = -10*x - 181. Give b(-17).
-11
Let i(w) = w**3 - 5*w**2 - 45*w - 5. Determine i(-5).
-30
Let u(j) = j**2 - 122*j - 2354. What is u(-17)?
9
Let j(n) = -3*n - 356. Give j(-117).
-5
Let g(x) = -x**3 - 96*x**2 - 2203*x + 21. Calculate g(-58).
-37
Let u(b) = -b**3 - 4*b**2 - 4*b - 4. What is u(-3)?
-1
Let f(z) = 6*z**3 - 226*z**2 - 84*z + 247. Determine f(38).
-57
Let c(j) = -j**3 + 139*j**2 + 1812*j - 139. Calculate c(151).
-139
Let u(f) = -15*f - 2430. Give u(-167).
75
Let c(b) = 2*b**2 + 145*b - 347. Determine c(-76).
185
Let h(z) = z**3 + 11*z**2 - 43*z + 43. Determine h(-14).
57
Let a(f) = -f**2 + 75*f - 353. What is a(70)?
-3
Let g(j) = -29*j - 416. Calculate g(-11).
-97
Let b(k) = k + 36. Give b(-30).
6
Let r(m) = -5*m**3 + 446*m**2 + 820*m - 96. Give r(91).
-5
Let z(p) = -7*p**2 - 23*p - 9. What is z(-4)?
-29
Let k(b) = -13*b**2 - 143*b - 10. Calculate k(-11).
-10
Let j(w) = -298*w**2 - 2*w - 5. What is j(-1)?
-301
Let d(x) = 105*x + 1579. What is d(-15)?
4
Let v(d) = -12*d**3 - 13*d**2 - 19*d - 7. Calculate v(-2).
75
Let w(k) = k**3 + 40*k**2 + 5*k + 218. Calculate w(-40).
18
Let f(r) = -r**3 + 3*r**2 + 50*r - 51. Give f(8).
29
Let r(j) = -14*j**2 - 35*j + 35. Give r(1).
-14
Let g(v) = -61*v**3 - v**2 + 7*v - 7. Give g(1).
-62
Let z(t) = t**2 + 25*t - 14. Give z(-12).
-170
Let o(f) = -21*f**2 - 146*f + 31. Calculate o(-7).
24
Let x(k) = -3*k**2 + 14*k + 34. What is x(-6)?
-158
Let b(i) = -55*i**3 - 42*i**2 - 38*i + 3. Give b(-1).
54
Let v(a) = a**2 + 19*a + 112. Give v(-15).
52
Let u(g) = -657*g - 721. What is u(-1)?
-64
Let p(s) = -s**3 + 34*s**2 + 38*s - 1256. Determine p(34).
36
Let g(z) = 5*z**2 + 110*z + 4. What is g(-22)?
4
Let y(w) = 3*w**2 + 2*w - 28. Give y(3).
5
Let r(t) = 3*t**2 + 187*t + 2052. Calculate r(-14).
22
Let s(i) = 501*i**3 + 4*i**2 + i - 2. What is s(1)?
504
Let i(s) = -2680*s - 112563. Determine i(-42).
-3
Let n(x) = 2*x**3 + 791*x**2 + 1175*x - 2758. What is n(-394)?
0
Let b(i) = 5*i**2 + 181*i + 916. What is b(-30)?
-14
Let t(x) = 24*x - 254. Give t(11).
10
Let p(u) = u**3 + 7*u**2 - 6*u + 9. Determine p(-8).
-7
Let z(s) = 508*s - 3050. Give z(6).
-2
Let w(c) = -1077*c - 49539. Calculate w(-46).
3
Let u(x) = -178*x**2 + 2314*x + 1. Determine u(13).
1
Let b(a) = a**2 + 29*a + 17. Give b(-28).
-11
Let h(a) = -514*a + 28794. Give h(56).
10
Let k(s) = 663*s - 2638. Calculate k(4).
14
Let y(o) = 2*o**3 - 2*o**2 + 35*o + 117. Determine y(-4).
-183
Let z(u) = u**3 - 3*u**2 - 503*u + 1507. Calculate z(3).
-2
Let p(y) = -y**3 + 117*y**2 + 261*y - 2586. Calculate p(119).
151
Let y(f) = -113*f - 994. What is y(-9)?
23
Let o(f) = 50*f**2 + 70*f - 50. Calculate o(-2).
10
Let f(g) = -g**3 - 8*g**2 + 10*g + 9. Calculate f(-9).
0
Let b(q) = -636*q - 99847. Give b(-157).
5
Let j(w) = w**3 + 6*w**2 - 432*w - 15. Give j(18).
-15
Let h(w) = w**3 + 15*w**2 + 23*w - 37. Determine h(-15).
-382
Let i(q) = 2*q**3 - 32*q**2 + 62*q - 32. What is i(14)?
52
Let w(u) = 4*u**3 + 43*u**2 - 16*u - 34. What is w(-11)?
21
Let c(d) = d**3 + 20*d**2 - 43*d - 17. Determine c(-22).
-39
Let n(g) = g**2 - 80*g + 349. What is n(7)?
-162
Let g(d) = 49*d + 2014. What is g(-41)?
5
Let t(a) = 1807*a - 9026. What is t(5)?
9
Let q(n) = -229*n**2 + 1122*n + 113. Give q(5).
-2
Let y(i) = 5*i**2 - 45*i + 267. Determine y(8).
227
Let k(x) = 64*x**2 + 46*x. Calculate k(-1).
18
Let n(x) = -3*x**3 + 21*x**2 + 154*x + 24. Give n(-6).
504
Let d(s) = -159*s + 2078. Calculate d(13).
11
Let t(j) = 3*j**2 + 193*j - 47. What is t(-60)?
-827
Let g(n) = -45*n**2 + 1526*n - 52. What is g(34)?
-188
Let n(f) = 2*f**3 + 40*f**2 + 199*f + 20. Determine n(-8).
-36
Let p(n) = 3034*n + 69748. Give p(-23).
-34
Let f(v) = -21*v - 569. Determine f(-26).
-23
Let r(l) = -344*l - 1378. Calculate r(-4).
-2
Let c(t) = 2*t**3 - 30*t**2 - t + 3. What is c(15)?
-12
Let t(g) = -10*g + 2. What is t(0)?
2
Let f(v) = 277*v - 1100. Give f(4).
8
Let s(a) = a**3 + 24*a**2 + 18*a - 104. Determine s(-23).
11
Let q(c) = -c**3 + 7*c**2 + 19*c - 103. Determine q(3).
-10
Let y(a) = 7*a**2 - 9*a - 76. Give y(-4).
72
Let n(f) = -f**3 - 15*f**2 - 37*f - 42. Determine n(-12).
-30
Let s(p) = -25*p**2 - 2527*p - 197. Give s(-101).
5
Let a(c) = c**3 + 42*c**2 - 45*c - 63. What is a(-43)?
23
Let a(z) = 173*z + 2973. What is a(-17)?
32
Let n(f) = -24*f**2 - 316*f - 41. Determine n(-13).
11
Let c(t) = 58*t - 405. Give c(8).
59
Let w(k) = -k**2 - 12*k - 46. Determine w(-6).
-10
Let i(j) = 342*j - 1002. Give i(3).
24
Let i(d) = 29*d - 142. What is i(5)?
3
Let r(t) = 19*t - 35. Give r(1).
-16
Let w(h) = 78*h + 822. Give w(-7).
276
Let f(k) = -3*k**3 - 3*k**2 + 158*k + 596. Determine f(-4).
108
Let x(a) = -116*a - 1125. What is x(-6)?
-429
Let v(h) = -197*h + 5516. Calculate v(28).
0
Let x(v) = -53*v**2 + 527*v + 12. Give x(10).
-18
Let s(h) = -h**2 - 129*h + 26992. Calculate s(112).
0
Let m(s) = -9*s + 238. Determine m(24).
22
Let w(k) = -23*k**2 - 1080*k + 49. What is w(-47)?
2
Let a(x) = 3*x**2 + 41*x + 239. What is a(-13)?
213
Let x(s) = -s**2 - 350*s - 1389. Calculate x(-4).
-5
Let x(o) = 2*o**2 - 65*o + 62. What is x(1)?
-1
Let h(g) = g**3 - 51*g**2 - 284*g - 21. Calculate h(-5).
-1
Let k(i) = -i**3 - 57*i**2 + 244*i + 160. Give k(-61).
160
Let q(y) = y**3 + 20*y**2 + 96*y - 32. What is q(-10)?
8
Let m(u) = -2*u**3 + 130*u**2 - 136*u + 500. Determine m(64).
-12
Let h(n) = n**3 - 11*n**2 - 108*n - 34. What is h(-6)?
2
Let c(z) = -2*z**2 - 67*z - 88. What is c(-34)?
-122
Let u(v) = -2*v**3 + 9*v**2 + 25*v - 40. What is u(6)?
2
Let h(z) = -z**2 + 103*z - 1954. What is h(25)?
-4
Let i(j) = -2*j**2 - 117*j + 68. Calculate i(-59).
9
Let l(m) = 676*m**2 - 12843*m - 30. Determine l(19).
-11
Let s(q) = -3*q**3 - 20*q**2 - 24*q + 4. Determine s(-2).
-4
Let t(a) = 279*a - 16746. Determine t(60).
-6
Let u(r) = 6*r**2 + 193*r + 127. Determine u(-30).
-263
Let a(t) = -14*t**2 - 7*t + 9. What is a(-4)?
-187
Let p(k) = -106*k**2 + 7313*k + 63. Give p(69).
-6
Let c(b) = -1963*b + 5951. Give c(3).
62
Let s(v) = -49*v + 3571. Determine s(73).
-6
Let t(k) = -2*k**3 - k**2 + 2*k + 1. Calculate t(-4).
105
Let t(k) = 2*k**2 - 72*k + 160. Calculate t(2).
24
Let j(w) = w**2 + 23*w - 186. Give j(-30).
24
Let x(f) = -2*f**2 - 6*f - 11. Determine x(-3).
-11
Let h(q) = -13*q + 46. What is h(4)?
-6
Let u(q) = -18*q + 21. What is u(21)?
-357
Let p(r) = -10*r**2 + 17*r + 231. What is p(6)?
-27
Let s(r) = -127*r - 2150. Determine s(-17).
9
Let n(r) = -1837*r + 12860. Calculate n(7).
1
Let j(l) = -2*l**3 - 135*l**2 + 62*l - 402. Determine j(-68).
6
Let c(d) = d**3 + 151*d**2 - 463*d - 167. What is c(-154)?
-13
Let x(m) = -6*m - 29. What is x(-11)?
37
Let v(y) = 255*y - 8166. Give v(32).
-6
Let r(d) = -81*d - 255. Determine r(-11).
636
Let z(t) = t**2 - t - 48. Give z(-21).
414
Let d(b) = 128*b + 88. Give d(-1).
-40
Let p(u) = -34*u + 906. Determine p(62).
-1202
Let o(n) = -2*n**2 + 29*n + 120. What is o(-5)?
-75
Let m(b) = -4*b**2 + 110*b - 8. Determine m(28).
-64
Let y(v) = 5*v**3 + 26*v**2 + 5*v + 31. Give y(-6).
-143
Let a(m) = 252*m - 3250. Calculate a(13).
26
Let u(s) = s**2 + s - 83. What is u(9)?
7
Let k(f) = -2*f**2 - 10*f + 45. What is k(5)?
-55
Let m(h) = h**2 + 46*h + 523. What is m(-23)?
-6
Let b(y) = -21*y + 667. Give b(33).
-26
Let p(i) = -4*i**3 - 53*i**2 - 11*i + 44. Give p(-13).
18
Let z(d) = -d**2 - 38*d + 221. What is z(5)?
6
Let d(g) = g**3 - 28*g**2 + 49*g + 60. What is d(26)?
-18
Let w(h) = -2*h**3 + h**2 + 2*h - 40. Determine w(0).
-40
Let n(f) = -3*f**3 + 470*f**2 - 312*f + 4. Determine n(156).
4
Let g(b) = -2*b**2 + 69*b - 265. What is g(30)?
5
Let f(u) = -5*u**3 + 3*u**2 - 19*u + 58. What is f(3)?
-107
Let f(c) = -6*c**2 - 20*c + 673. What is f(9)?
7
Let q(t) = -t**3 - 157*t**2 - 146*t + 1430. What is q(-156)?
-130
Let h(r) = -r**2 + 47*r + 73. Give h(48).
25
Let d(m) = -m**2 + 810*m + 29569. Determine d(-35).
-6
Let g(u) = u**3 + 45*u**2 + 83*u - 23. Calculate g(-43).
106
Let c(f) = -f**3 + 9*f**2 + 15*f 